
3, 7, 19
Suppose 3*j - 16 = -j - 4*q, -2*j + 12 = 3*q. Suppose 30 = 3*o - j. What are the prime factors of 0 - 0 - (-180)/o?
2, 3
Let s(p) = 2*p - 4 + 19*p**2 + 5*p**2 + 5. Let x be s(-1). Suppose -3*z = -77 + x. What are the prime factors of z?
2, 3
Suppose -14066 = -29*z + 5625. What are the prime factors of z?
7, 97
Let u be (6/4)/(((-21)/(-8))/7). List the prime factors of 8/((u/(-24))/(-1)).
2, 3
Suppose 0 = 2*g - 90 - 394. Suppose c - 726 = -3*o - 2*c, -o + g = 4*c. What are the prime factors of o?
2, 11
Suppose 4*v - 1165 = -v. Suppose 2*o + 5*t - 245 = 0, 0*o - t = 2*o - v. What are the prime factors of o?
5, 23
Let c be (11/22)/(1/10). Suppose 4*a - x - 66 = 0, -a - c*x = -40 + 13. What are the prime factors of (1 + a)/(-5 + 7)?
3
Let m = 391 + 727. What are the prime factors of m?
2, 13, 43
Let x(s) be the third derivative of s**6/120 - s**5/30 - s**4/24 - s**3/3 - 2*s**2. Let a be x(3). Let b(p) = 7*p - 14. List the prime factors of b(a).
2, 7
Let w(h) = -h**2 + 9*h - 22. Let p be w(6). Let g(o) = 10*o**2 + 3*o - 12. List the prime factors of g(p).
2, 17
Let n = 2 + 0. Suppose n*t - 20 = -2*s, -6*t + 15 = -s - 2*t. What are the prime factors of s?
5
Let l be 3 - ((-1 - 36) + -3). Suppose 4*r - l = 13. What are the prime factors of r/(-42) - (-206)/6?
2, 17
Suppose -b - 4 = -2. Let j(x) = -x + 1. Let y be j(-5). Let l = y + b. List the prime factors of l.
2
Let t = 130 - 128. Let d be (0/2 + -2)*-1. Suppose -t*j - d*j = -216. List the prime factors of j.
2, 3
Suppose 2*c - 8 + 0 = 0. Suppose 6*z - 4*z - h = 111, -c*h - 20 = 0. What are the prime factors of z?
53
Let i(q) = 62*q**2 + 13*q + 25. What are the prime factors of i(-4)?
5, 193
Let p = 48 - 42. Suppose -p*r + 39 - 9 = 0. What are the prime factors of r?
5
Let z(x) = x**3 - 4*x**2 + x - 11. Let h be z(6). Let p = 144 - h. What are the prime factors of p?
7, 11
Suppose 0 = -14*p + 15*p - s - 485, s + 971 = 2*p. What are the prime factors of p?
2, 3
Let r(j) = j**3 + 29*j**2 + j + 37. What are the prime factors of r(-16)?
17, 197
What are the prime factors of (-59)/(295/2590)*(-19)/2?
7, 19, 37
Suppose -2*c + 4 = -0*n + n, 2*n - 6 = -5*c. Let v(x) = -x**2 + 12*x + 8. List the prime factors of v(n).
2, 5
What are the prime factors of (3256/(-222))/(((-8)/186)/2)?
2, 11, 31
Suppose -3*r + 0*a + 759 = a, 5*a + 15 = 0. List the prime factors of r.
2, 127
Let j = -323 + 748. List the prime factors of j.
5, 17
Suppose -5*t + 10*t + 9695 = 5*l, -l = 2*t - 1951. List the prime factors of l.
29, 67
Let x = -33 + 36. Suppose x*i - 755 = -4*y + 52, -3*y + 584 = -2*i. List the prime factors of y.
2, 3, 11
Let i(d) = -d**3 - d**2 + d. Let z be i(-2). Suppose 0 = l + 4, -2*r - 7 = r - z*l. List the prime factors of ((-11)/3)/(r/15).
11
What are the prime factors of 0 + (-1)/2 - (-3749)/46?
3
Let r(n) = -5*n**3 + 15*n - 7. Let o(m) = -3*m**3 + 8*m - 4. Let a(f) = -11*o(f) + 6*r(f). Let c be a(2). List the prime factors of (96/(-15))/((-6)/c).
2
Let f(y) = -y**3 - 29*y**2 + 7*y - 161. List the prime factors of f(-32).
2687
Let p(c) = 3*c - 1. Let b(g) = 6*g - 3. Let z(n) = 6*b(n) - 15*p(n). Let i be z(-2). Let u = -11 + i. List the prime factors of u.
2
Let c(b) = -b**2 - b**3 + 13*b**2 + 3 - 8*b + 9. Let z be c(11). Suppose s - 4*s + v + 60 = 0, -v + z = 2*s. List the prime factors of s.
3, 7
What are the prime factors of 517 + -1 - 16/56*7?
2, 257
Let b(t) = t. Let m be b(-6). Let k be 2*(-9)/m + 0. List the prime factors of 8/(((-4)/k)/(-4)).
2, 3
Let o = -69 + 69. Suppose 207 = u - o*u. List the prime factors of u.
3, 23
Suppose -14 + 18 = 4*p. Let f be 26 + -1 + p + -3. Suppose -2*m + 75 = 3*y, m - 2*y - f = 11. List the prime factors of m.
2, 3
Let c be (-94)/(-14) - 2/(-7). Let z(h) = h**2 - 8*h + 8. Let t be z(c). Let g = t + 9. List the prime factors of g.
2, 5
Suppose 5*k + 16 - 4 = -4*j, 0 = -4*j + 4*k - 12. List the prime factors of 9/j - -228 - 1.
2, 7
What are the prime factors of (-14800)/(-144) + 4/18?
103
Let q(c) be the third derivative of -5*c**4/24 - 17*c**3/3 + 32*c**2. What are the prime factors of q(-24)?
2, 43
Suppose 0 = 240*c - 232*c - 9104. What are the prime factors of c?
2, 569
Let g be 2/6*(-10 + 2 - -5). What are the prime factors of 3 + (-209)/(g + 0) + 0?
2, 53
Let j be ((-7)/((-84)/(-30)))/((-2)/(-20)). List the prime factors of (5 - j/20)*24.
2, 3, 5
Suppose -r - 11087 = -4*q - 4*r, -11099 = -4*q + r. What are the prime factors of q?
2, 19, 73
Let g = 3699 + -2566. List the prime factors of g.
11, 103
What are the prime factors of 3*1517 - (-42 + 31)?
2, 2281
Let a = -381 - -907. List the prime factors of a.
2, 263
Let j = 168 - 99. Suppose h + 2*f - 2 - 18 = 0, 3*h - 3*f - j = 0. Suppose -h = 22*x - 24*x. What are the prime factors of x?
11
Let m(a) = -4*a**2 + a - 12. Let r(x) = -x**3 - 4. Let h be r(0). Let l(n) = -3*n**2 + 2*n - 12. Let u(t) = h*m(t) + 5*l(t). List the prime factors of u(-10).
2, 7
Let f(c) = c**3 + 2*c**2 - 6*c - 6. Let d be f(-3). Let y = -1 + d. Suppose -y*a = -64 - 4. List the prime factors of a.
2, 17
Let y be ((-33)/2)/(-11)*1004. What are the prime factors of y/10 - 3/5?
2, 3, 5
Suppose 0 = -n + 4*o + 2036, -6*n - 3*o = -5*n - 2043. What are the prime factors of n?
2, 3, 5, 17
Let k be (-15)/4 - ((-85)/(-20) - 4). List the prime factors of (1 - (-58)/k - -2)*-14.
7, 23
Suppose 0*v + 10*v = -170. Let d(t) = -t**2 - 18*t + 8. List the prime factors of d(v).
5
Suppose 4*r - 23 + 6 = 5*h, -2*h = 5*r - 46. Let t(p) be the second derivative of p**3/2 + 2*p**2 + 38*p. List the prime factors of t(r).
2, 7
Suppose 0 = 4*h - 3*z + 2, -3 = 5*h - 4*z - 0. Suppose 3*r - 9 = 0, -211 = -4*s - 2*r - h. List the prime factors of s.
3, 17
Let f = -26 - -50. Let o = f + 7. Suppose -z + 0 = -o. List the prime factors of z.
31
Suppose 4*d - 68 = -188. Let p(q) = -3*q**2 - 5*q - 2. Let j be p(-5). Let z = d - j. What are the prime factors of z?
2, 11
Suppose 5*v + 10 = 0, v - 3*v + 513 = z. List the prime factors of z.
11, 47
Let v(l) = -6*l**2 + 0 - 3 + 7*l**2 - 4*l - 3. What are the prime factors of v(-7)?
71
Suppose -2*p + 42 + 19 = -5*z, 2*z + 97 = 3*p. Let x = 7 + p. What are the prime factors of x?
2, 5
Suppose -34*j + 36*j - 6 = 0. Let l(z) = -z**2 - 10*z - 9. Let w be l(-9). Suppose -q + 4*v = -41, q + j*v - 4 - 2 = w. List the prime factors of q.
3, 7
Let s = 357 - 71. What are the prime factors of s?
2, 11, 13
Let b(g) = g**2 + 1. Let r be b(2). Let q(y) = 5*y**2 - 10*y - 1. Let j(t) = 11*t**2 - 20*t - 3. Let i(f) = 4*j(f) - 9*q(f). What are the prime factors of i(r)?
2, 11
Let l = 27 + -23. Suppose l*s - 6 = s. Suppose s*t - 34 = -2*a + 4*t, 3*t + 12 = 0. List the prime factors of a.
13
Let i = -217 + 122. Let o = 119 - 259. Let s = i - o. What are the prime factors of s?
3, 5
Suppose -m = r - 4202, 3*m - m + 4*r = 8396. What are the prime factors of m?
2, 3, 701
Let f(s) = -s + 15. Let c be f(13). List the prime factors of 12 - (2 + c + -7).
3, 5
What are the prime factors of (-1 - 6574)*(-45)/225?
5, 263
Let w be (4/(-10))/((-7)/105). Let o(m) = -1 + 14*m + w*m - 8*m - 1. List the prime factors of o(2).
2, 11
Let a = -11 - -7. Let q be ((-2)/a)/(1/(-60)). What are the prime factors of (q/(-35))/(2/56)?
2, 3
Let z = 125 - 12. Suppose -z - 13 = -3*b. List the prime factors of b.
2, 3, 7
Let u = -53 + 185. Suppose -u = 4*s - 412. List the prime factors of s.
2, 5, 7
Let j(s) = 6*s**2 + 4 + s**3 - 9 - s + 8*s + 4. List the prime factors of j(-4).
3
Suppose 2*q - 122 = -4*c, 65 = q - 5*c - 3. Suppose 132 = j - q. List the prime factors of j.
3, 5, 13
Let x(t) = -17*t + 5. Suppose w + 2 = -4*s, -2*s + s - 17 = 3*w. What are the prime factors of x(w)?
107
Let m = 1271 - 599. What are the prime factors of m?
2, 3, 7
Let v(c) be the second derivative of c**5/20 + c**4 + 11*c**3/6 - 6*c. Let h be v(-11). Suppose h = -4*u + 5*u - 8. List the prime factors of u.
2
List the prime factors of (46/(-207) - (-53)/36)*12.
3, 5
Let m(q) be the second derivative of 4*q**3 + 7*q**2/2 + 4*q. What are the prime factors of m(2)?
5, 11
Let n be 10/4*(3 - 1). Suppose 3*o - 116 = n*c + 45, o + 5*c - 67 = 0. List the prime factors of o.
3, 19
Suppose 9 = 12*h - 123. Let w(g) = 2*g + 4. Let a be w(-3). Let s = h - a. List the prime factors of s.
13
Suppose -3*f =